{"id":1414,"date":"2021-01-06T17:16:48","date_gmt":"2021-01-06T17:16:48","guid":{"rendered":"http:\/\/ascpdp.com\/?page_id=1414"},"modified":"2021-01-06T17:16:49","modified_gmt":"2021-01-06T17:16:49","slug":"donatoret","status":"publish","type":"page","link":"https:\/\/ascpdp.com\/?page_id=1414","title":{"rendered":"Donator\u00ebt"},"content":{"rendered":"\n<figure class=\"wp-block-table is-style-stripes\"><table><tbody><tr><td><a href=\"https:\/\/web.archive.org\/web\/20180816112817\/http:\/\/tirana.usembassy.gov\/\"><\/a><\/td><td><strong>US Embassy in Tirana<\/strong><br>Rruga e Elbasanit No. 103<br>Tiran\u00eb<br>Shqip\u00ebri<br>Tel: +(355) 4 2247 285<br>Fax: +(355) 4 2232 222&nbsp;<\/td><\/tr><tr><td><a href=\"https:\/\/web.archive.org\/web\/20180816112817\/http:\/\/www.iri.org\/\"><\/a><\/td><td><strong>International Republican Institute (IRI)<\/strong><br>Suite 900<br>1212 New York Avenue, N.W<br>Washington,D.C. 20005-3987<br>(202) 408-9450<br>(202) 408-9462 FAX<br>e-mail: <a href=\"mailto:iri@iri.org\">iri@iri.org<\/a>&nbsp;<\/td><\/tr><tr><td><a href=\"https:\/\/web.archive.org\/web\/20180816112817\/http:\/\/www.soros.al\/\"><\/a><\/td><td><strong>Open Society Foundation for Albania &#8211; SOROS<\/strong><br>Rruga &#8220;Pjeter Bogdani&#8221;, Nr. 23\/1<br>Tiran\u00eb<br>Shqip\u00ebri<br>Tel\/ Fax: ++355 4 346 21<br>++355 4 2234 223<\/td><\/tr><tr><td><a href=\"https:\/\/web.archive.org\/web\/20180816112817\/http:\/\/www.usaid.gov\/\"><\/a><\/td><td>&nbsp;<strong>MSI\/USAID<\/strong>&nbsp;&nbsp;<\/td><\/tr><tr><td><a href=\"https:\/\/web.archive.org\/web\/20180816112817\/http:\/\/www.gmfus.org\/balkantrust\/\"><\/a><\/td><td><strong>Balkan Trust for Democracy<\/strong><br>Dobra\u010dina 44<br>11000 Belgrade,<br>Tel: 381 11 3036 454<br>Fax: 381 11 3288 022<br>Email: <a href=\"mailto:balkantrust@gmfus.org\">balkantrust@gmfus.org<\/a>&nbsp;<\/td><\/tr><tr><td><a href=\"https:\/\/web.archive.org\/web\/20180816112817\/http:\/\/www.ned.org\/\"><\/a><\/td><td><strong>National Endowment for Democracy<\/strong><br>1101 15th St., NW, Ste.700<br>Washington, D.C. 20005<br>Fax: (202) 223-6042 &nbsp;<\/td><\/tr><tr><td><a href=\"https:\/\/web.archive.org\/web\/20180816112817\/http:\/\/www.uk.al\/\"><\/a><\/td><td><strong>British Embassy in Tirana<\/strong><br>Rruga Sk\u00ebnderbeg 12<br>Tiran\u00eb<br>Shqip\u00ebri<br>Tel:+355 4 2234973\/4\/5<br>Fax:+355 4 2247697 &nbsp;<\/td><\/tr><tr><td><\/td><td><strong>Fridrich Ebert Foundation<\/strong><br>&#8220;S.Vinjau&#8221; Str., Nr.3,<br>Tiran\u00eb<br>Shqip\u00ebriTel\/Fax: 2250 986;<br>Mobile phone: 068 20 20 484<\/td><\/tr><\/tbody><\/table><\/figure>\n","protected":false},"excerpt":{"rendered":"<p>US Embassy in TiranaRruga e Elbasanit No. 103Tiran\u00ebShqip\u00ebriTel: +(355) 4 2247 285Fax: +(355) 4 2232 222&nbsp; International Republican Institute (IRI)Suite 9001212 New York Avenue, N.WWashington,D.C. 20005-3987(202) 408-9450(202) 408-9462 FAXe-mail: iri@iri.org&nbsp; Open Society Foundation for Albania [&hellip;]<\/p>\n","protected":false},"author":1,"featured_media":0,"parent":0,"menu_order":0,"comment_status":"closed","ping_status":"closed","template":"","meta":{"footnotes":""},"class_list":["post-1414","page","type-page","status-publish","hentry"],"_links":{"self":[{"href":"https:\/\/ascpdp.com\/index.php?rest_route=\/wp\/v2\/pages\/1414","targetHints":{"allow":["GET"]}}],"collection":[{"href":"https:\/\/ascpdp.com\/index.php?rest_route=\/wp\/v2\/pages"}],"about":[{"href":"https:\/\/ascpdp.com\/index.php?rest_route=\/wp\/v2\/types\/page"}],"author":[{"embeddable":true,"href":"https:\/\/ascpdp.com\/index.php?rest_route=\/wp\/v2\/users\/1"}],"replies":[{"embeddable":true,"href":"https:\/\/ascpdp.com\/index.php?rest_route=%2Fwp%2Fv2%2Fcomments&post=1414"}],"version-history":[{"count":1,"href":"https:\/\/ascpdp.com\/index.php?rest_route=\/wp\/v2\/pages\/1414\/revisions"}],"predecessor-version":[{"id":1415,"href":"https:\/\/ascpdp.com\/index.php?rest_route=\/wp\/v2\/pages\/1414\/revisions\/1415"}],"wp:attachment":[{"href":"https:\/\/ascpdp.com\/index.php?rest_route=%2Fwp%2Fv2%2Fmedia&parent=1414"}],"curies":[{"name":"wp","href":"https:\/\/api.w.org\/{rel}","templated":true}]}}