{"id":1429,"date":"2021-01-11T16:50:58","date_gmt":"2021-01-11T16:50:58","guid":{"rendered":"http:\/\/ascpdp.com\/?page_id=1429"},"modified":"2021-01-18T13:55:19","modified_gmt":"2021-01-18T13:55:19","slug":"linke","status":"publish","type":"page","link":"http:\/\/ascpdp.com\/english\/?page_id=1429","title":{"rendered":"Linke"},"content":{"rendered":"<ul>\n<li><a href=\"http:\/\/parlamenti.al\">Kuvendi i Shqip\u00ebris\u00eb<\/a><\/li>\n<li><a href=\"http:\/\/presidenti.al\">Presidenca<\/a><\/li>\n<li><a href=\"http:\/\/kryeministria.al\">K\u00ebshilli i Ministrave<\/a><\/li>\n<li><a href=\"https:\/\/www.mod.gov.al\/\">Ministria e Mbrojtjes<\/a><\/li>\n<li><a href=\"https:\/\/mb.gov.al\/\">Ministria e Brendshme<\/a><\/li>\n<li><a href=\"https:\/\/www.financa.gov.al\/\">Ministria e Financave dhe Ekonomis\u00eb<\/a><\/li>\n<li><a href=\"https:\/\/www.infrastruktura.gov.al\/\">Ministria e Infrastruktur\u00ebs dhe Energjis\u00eb<\/a><\/li>\n<li><a href=\"https:\/\/arsimi.gov.al\/\">Ministria e Arsimit, Sportit dhe Rinis\u00eb<\/a><\/li>\n<li><a href=\"https:\/\/www.drejtesia.gov.al\/\">Ministria e Drejt\u00ebsis\u00eb<\/a><\/li>\n<li><a href=\"https:\/\/kultura.gov.al\/\">Ministria e Kultur\u00ebs<\/a><\/li>\n<li><a href=\"https:\/\/bujqesia.gov.al\/\">Ministria e Bujq\u00ebsis\u00eb dhe Zhvillimit Rural<\/a><\/li>\n<li><a href=\"https:\/\/shendetesia.gov.al\/\">Ministria e Sh\u00ebndet\u00ebsis\u00eb dhe Mbrojtjes Sociale<\/a><\/li>\n<li><a href=\"https:\/\/turizmi.gov.al\/\">Ministria e Turizmit dhe Mjedisit<\/a><\/li>\n<li><a href=\"https:\/\/diaspora.gov.al\/\">Ministria e Shtetit p\u00ebr Diaspor\u00ebn<\/a><\/li>\n<li><a href=\"http:\/\/sipermarrja.gov.al\">Ministria e Shtetit p\u00ebr Mbrojtjen e Sip\u00ebrmarrjes<\/a><\/li>\n<li><a href=\"https:\/\/kryeministria.al\/ministrat\/elisa-spiropali\/\">Ministria e Shtetit p\u00ebr Marr\u00ebdh\u00ebniet me Parlamentin<\/a><\/li>\n<li><a href=\"https:\/\/rindertimi.gov.al\/\">Ministria e Shtetit p\u00ebr Rind\u00ebrtimin<\/a><\/li>\n<li><a href=\"http:\/\/democracy.org\">democracy.org<\/a><\/li>\n<li><a href=\"https:\/\/www.jefferson-center.org\/\">Jefferson Center<\/a><\/li>\n<li><a href=\"https:\/\/www.worldbank.org\/sq\/country\/albania\">Banka Bot\u00ebrore<\/a><\/li>\n<\/ul>\n","protected":false},"excerpt":{"rendered":"<p>Kuvendi i Shqip\u00ebris\u00eb Presidenca K\u00ebshilli i Ministrave Ministria e Mbrojtjes Ministria e Brendshme Ministria e Financave dhe Ekonomis\u00eb Ministria e Infrastruktur\u00ebs dhe Energjis\u00eb Ministria e Arsimit, Sportit dhe Rinis\u00eb Ministria e Drejt\u00ebsis\u00eb Ministria e Kultur\u00ebs [&hellip;]<\/p>\n","protected":false},"author":1,"featured_media":0,"parent":0,"menu_order":0,"comment_status":"closed","ping_status":"closed","template":"","meta":{"footnotes":""},"class_list":["post-1429","page","type-page","status-publish","hentry"],"_links":{"self":[{"href":"http:\/\/ascpdp.com\/english\/index.php?rest_route=\/wp\/v2\/pages\/1429","targetHints":{"allow":["GET"]}}],"collection":[{"href":"http:\/\/ascpdp.com\/english\/index.php?rest_route=\/wp\/v2\/pages"}],"about":[{"href":"http:\/\/ascpdp.com\/english\/index.php?rest_route=\/wp\/v2\/types\/page"}],"author":[{"embeddable":true,"href":"http:\/\/ascpdp.com\/english\/index.php?rest_route=\/wp\/v2\/users\/1"}],"replies":[{"embeddable":true,"href":"http:\/\/ascpdp.com\/english\/index.php?rest_route=%2Fwp%2Fv2%2Fcomments&post=1429"}],"version-history":[{"count":7,"href":"http:\/\/ascpdp.com\/english\/index.php?rest_route=\/wp\/v2\/pages\/1429\/revisions"}],"predecessor-version":[{"id":1586,"href":"http:\/\/ascpdp.com\/english\/index.php?rest_route=\/wp\/v2\/pages\/1429\/revisions\/1586"}],"wp:attachment":[{"href":"http:\/\/ascpdp.com\/english\/index.php?rest_route=%2Fwp%2Fv2%2Fmedia&parent=1429"}],"curies":[{"name":"wp","href":"https:\/\/api.w.org\/{rel}","templated":true}]}}